rime factors of 56677595?
5, 13, 871963
What are the prime factors of 6659539082?
2, 7, 2741, 173543
What are the prime factors of 814998523?
79, 10316437
What are the prime factors of 3683847544?
2, 13, 1327, 26693
List the prime factors of 386161169.
18379, 21011
List the prime factors of 65936483.
439, 150197
What are the prime factors of 266209393?
266209393
What are the prime factors of 5497692480?
2, 3, 5, 7, 90901
List the prime factors of 12297652.
2, 3074413
What are the prime factors of 645069711?
3, 11, 13, 1503659
List the prime factors of 798780364.
2, 2437, 81943
List the prime factors of 1409036043.
3, 469678681
What are the prime factors of 519090775?
5, 7, 131, 22643
What are the prime factors of 1562147923?
7, 223163989
List the prime factors of 72589790.
2, 5, 7, 13, 79769
List the prime factors of 57371589.
3, 11, 43, 13477
List the prime factors of 291383963.
13, 1093, 20507
List the prime factors of 1179026864.
2, 73689179
List the prime factors of 81525767.
81525767
What are the prime factors of 174748042?
2, 7, 61, 204623
What are the prime factors of 336265388?
2, 84066347
What are the prime factors of 39706899?
3, 13235633
What are the prime factors of 10387619?
11, 944329
List the prime factors of 1533140685.
3, 5, 19, 1793147
What are the prime factors of 136712833?
127, 151, 7129
What are the prime factors of 107028602?
2, 53514301
List the prime factors of 771609696.
2, 3, 11, 13, 56207
List the prime factors of 85535797.
85535797
What are the prime factors of 104169198?
2, 3, 7, 354317
List the prime factors of 134106646.
2, 59, 71, 16007
List the prime factors of 4694762575.
5, 37, 43, 118033
What are the prime factors of 76214874?
2, 3, 313, 40583
List the prime factors of 192695478.
2, 3, 32115913
List the prime factors of 14723340.
2, 3, 5, 245389
What are the prime factors of 692250580?
2, 5, 7, 139, 35573
What are the prime factors of 35671501?
113, 315677
What are the prime factors of 18688727?
107, 389, 449
What are the prime factors of 24529555?
5, 17, 288583
What are the prime factors of 44014450?
2, 5, 19, 107, 433
List the prime factors of 336487651.
61, 599, 9209
List the prime factors of 552075290.
2, 5, 13, 941, 4513
List the prime factors of 945025585.
5, 7, 89, 303379
What are the prime factors of 269092452?
2, 3, 43, 521497
What are the prime factors of 769727463?
3, 61, 239, 17599
List the prime factors of 38849212.
2, 29, 53, 71, 89
List the prime factors of 55184780.
2, 5, 7, 56311
What are the prime factors of 64297426?
2, 32148713
What are the prime factors of 58069103?
659, 88117
What are the prime factors of 2685246834?
2, 3, 173, 2586943
List the prime factors of 58415686.
2, 7, 29, 143881
What are the prime factors of 221875780?
2, 5, 7, 1584827
List the prime factors of 26255354.
2, 59, 101, 2203
List the prime factors of 193651090.
2, 5, 3253, 5953
What are the prime factors of 925600?
2, 5, 13, 89
List the prime factors of 95021216.
2, 47, 63179
List the prime factors of 3629379412.
2, 223, 4068811
What are the prime factors of 6224744400?
2, 3, 5, 7, 105863
What are the prime factors of 624472812?
2, 3, 17346467
What are the prime factors of 2847633067?
131, 21737657
What are the prime factors of 85951839?
3, 19, 89, 16943
What are the prime factors of 89454833?
13, 17, 404773
What are the prime factors of 139334707?
139334707
List the prime factors of 2537440565.
5, 11, 46135283
What are the prime factors of 28333578?
2, 3, 7, 13, 51893
List the prime factors of 657148869.
3, 13, 659, 947
What are the prime factors of 439589825?
5, 17, 47, 59, 373
List the prime factors of 17463174.
2, 3, 59, 49331
What are the prime factors of 177207345?
3, 5, 7, 62507
List the prime factors of 187934623.
47, 3998609
List the prime factors of 528534141.
3, 149, 1182403
What are the prime factors of 148892979?
3, 263, 188711
What are the prime factors of 4127173562?
2, 839, 2459579
List the prime factors of 502504328.
2, 401, 156641
List the prime factors of 40133012.
2, 37, 271169
List the prime factors of 287972850.
2, 3, 5, 11, 37, 53, 89
List the prime factors of 219645305.
5, 11, 311, 12841
List the prime factors of 3514183491.
3, 7, 13, 277, 46471
What are the prime factors of 4603849?
41, 112289
What are the prime factors of 102300661?
29, 443, 7963
What are the prime factors of 184656444?
2, 3, 7, 2198291
List the prime factors of 23152475.
5, 926099
What are the prime factors of 34147063?
283, 120661
List the prime factors of 198735826.
2, 173, 613, 937
What are the prime factors of 26016340?
2, 5, 7, 185831
List the prime factors of 169630326.
2, 3, 31, 303997
What are the prime factors of 143692466?
2, 17, 4226249
What are the prime factors of 80534518?
2, 61, 660119
List the prime factors of 200559050.
2, 5, 4011181
List the prime factors of 1208428298.
2, 7, 11, 31, 36161
What are the prime factors of 7277458899?
3, 59, 2417, 17011
What are the prime factors of 1151190041?
9733, 118277
List the prime factors of 1880573950.
2, 5, 37611479
What are the prime factors of 179353399?
179353399
List the prime factors of 860543927.
17, 71, 712961
What are the prime factors of 24550794?
2, 3, 1363933
List the prime factors of 51478725.
3, 5, 211, 3253
What are the prime factors of 26509482?
2, 3, 173, 8513
What are the prime factors of 61988659?
19, 1531, 2131
List the prime factors of 44128139.
11, 4011649
What are the prime factors of 52661260?
2, 5, 23, 239, 479
List the prime factors of 27028940.
2, 5, 43, 53, 593
List the prime factors of 309901689.
3, 59, 583619
What are the prime factors of 56257431?
3, 18752477
What are the prime factors of 7492977827?
3001, 2496827
List the prime factors of 5503069553.
53, 103831501
List the prime factors of 48298560.
2, 3, 5, 50311
List the prime factors of 8423461.
8423461
What are the prime factors of 3336587835?
3, 5, 7, 31777027
List the prime factors of 160944469.
7, 197, 16673
What are the prime factors of 23332086?
2, 3, 1296227
What are the prime factors of 4110575936?
2, 64227749
What are the prime factors of 257680133?
1571, 164023
What are the prime factors of 544907109?
3, 181635703
List the prime factors of 1451091245.
5, 31, 179, 52301
List the prime factors of 2318628820.
2, 5, 115931441
List the prime factors of 4951783749.
3, 11, 17, 97, 90997
List the prime factors of 156939778.
2, 8521, 9209
What are the prime factors of 339595832?
2, 953, 44543
What are the prime factors of 544305133?
17, 32017949
List the prime factors of 99914517.
3, 199, 55787
List the prime factors of 411952833.
3, 2269, 20173
List the prime factors of 2115061013.
13, 162697001
What are the prime factors of 105678632?
2, 13209829
What are the prime factors of 64970668?
2, 7, 17, 31, 37
What are the prime factors of 3568454325?
3, 5, 293, 18043
What are the prime factors of 174893862?
2, 3, 11, 13, 47, 4337
What are the prime factors of 229646121?
3, 3929, 19483
List the prime factors of 3223872926.
2, 59, 1997, 13681
What are the prime factors of 15963206?
2, 7, 37, 30817
List the prime factors of 58282763.
7, 11, 756919
List the prime factors of 1776486091.
1776486091
List the prime factors of 5895424750.
2, 5, 163, 199, 727
List the prime factors of 272817919.
11, 24801629
What are the prime factors of 499102?
2, 61, 4091
What are the prime factors of 221781813?
3, 11, 17, 19, 20807
What are the prime factors of 4141718492?
2, 1035429623
List the prime factors of 2263544980.
2, 5, 31, 773, 4723
What are the prime factors of 8427155?
5, 11, 17, 9013
What are the prime factors of 51223140?
2, 3, 5, 284573
List the prime factors of 685494133.
109, 6288937
List the prime factors of 22352940.
2, 3, 5, 124183
List the prime factors of 2119645793.
257, 719, 11471
List the prime factors of 7045143974.
2, 11, 320233817
List the prime factors of 49768820.
2, 5, 419, 5939
What are the prime factors of 173545729?
7, 1723, 14389
List the prime factors of 464570619.
3, 31, 4995383
What are the prime factors of 79981858?
2, 11, 61, 107, 557
List the prime factors of 309128184.
2, 3, 1431149
What are the prime factors of 893076190?
2, 5, 19, 4700401
What are the prime factors of 6492108121?
17, 349, 1094237
What are the prime factors of 153750349?
953, 161333
What are t